d by 506?
502
What is the remainder when 2404 is divided by 23?
12
Calculate the remainder when 93135 is divided by 3209.
74
What is the remainder when 8828 is divided by 145?
128
What is the remainder when 2488 is divided by 251?
229
What is the remainder when 152781 is divided by 496?
13
Calculate the remainder when 12263 is divided by 1225.
13
What is the remainder when 634850 is divided by 196?
6
What is the remainder when 2488 is divided by 1243?
2
Calculate the remainder when 6673 is divided by 330.
73
What is the remainder when 6109 is divided by 682?
653
Calculate the remainder when 3516 is divided by 486.
114
What is the remainder when 3373 is divided by 3367?
6
Calculate the remainder when 1943 is divided by 1333.
610
Calculate the remainder when 4090 is divided by 186.
184
Calculate the remainder when 13017 is divided by 12457.
560
Calculate the remainder when 6926 is divided by 1305.
401
What is the remainder when 1391 is divided by 72?
23
What is the remainder when 1714 is divided by 174?
148
What is the remainder when 1034 is divided by 408?
218
What is the remainder when 172244 is divided by 71?
69
Calculate the remainder when 47792 is divided by 89.
88
Calculate the remainder when 449 is divided by 196.
57
What is the remainder when 7293 is divided by 809?
12
Calculate the remainder when 687261 is divided by 32.
29
Calculate the remainder when 1765 is divided by 61.
57
Calculate the remainder when 43878 is divided by 20.
18
Calculate the remainder when 91748 is divided by 1872.
20
Calculate the remainder when 922 is divided by 331.
260
Calculate the remainder when 66098 is divided by 243.
2
Calculate the remainder when 15220 is divided by 1679.
109
Calculate the remainder when 129419 is divided by 2397.
2378
Calculate the remainder when 1405 is divided by 14.
5
What is the remainder when 4943 is divided by 271?
65
What is the remainder when 2959 is divided by 107?
70
Calculate the remainder when 34870 is divided by 107.
95
What is the remainder when 13825 is divided by 13?
6
Calculate the remainder when 253588 is divided by 642.
640
What is the remainder when 37517 is divided by 335?
332
What is the remainder when 1457 is divided by 550?
357
Calculate the remainder when 16797 is divided by 240.
237
What is the remainder when 814478 is divided by 37?
34
What is the remainder when 111552 is divided by 15?
12
Calculate the remainder when 2323 is divided by 1762.
561
What is the remainder when 1662801 is divided by 209?
206
What is the remainder when 1173941 is divided by 66?
65
What is the remainder when 963296 is divided by 13?
9
What is the remainder when 9971557 is divided by 351?
349
What is the remainder when 2562 is divided by 213?
6
What is the remainder when 4648 is divided by 929?
3
Calculate the remainder when 909612 is divided by 21.
18
Calculate the remainder when 8979 is divided by 2242.
11
Calculate the remainder when 12844 is divided by 986.
26
Calculate the remainder when 26557 is divided by 150.
7
Calculate the remainder when 31452 is divided by 483.
57
What is the remainder when 5688 is divided by 580?
468
What is the remainder when 25077 is divided by 74?
65
What is the remainder when 133712 is divided by 569?
566
Calculate the remainder when 320367 is divided by 761.
747
What is the remainder when 2676 is divided by 8?
4
Calculate the remainder when 7321 is divided by 340.
181
What is the remainder when 7091 is divided by 7065?
26
What is the remainder when 1289 is divided by 437?
415
Calculate the remainder when 460724 is divided by 153569.
17
What is the remainder when 40226 is divided by 94?
88
What is the remainder when 10296 is divided by 8?
0
What is the remainder when 1249 is divided by 706?
543
Calculate the remainder when 10877 is divided by 43.
41
What is the remainder when 174249 is divided by 456?
57
What is the remainder when 7543 is divided by 300?
43
What is the remainder when 5763 is divided by 1914?
21
What is the remainder when 6053163 is divided by 236?
235
What is the remainder when 4386 is divided by 150?
36
Calculate the remainder when 14038 is divided by 8.
6
Calculate the remainder when 12918 is divided by 6450.
18
What is the remainder when 423334 is divided by 17?
0
What is the remainder when 3900 is divided by 74?
52
What is the remainder when 8181 is divided by 2039?
25
Calculate the remainder when 202789 is divided by 33794.
25
What is the remainder when 24858 is divided by 46?
18
Calculate the remainder when 10813 is divided by 3594.
31
What is the remainder when 7696 is divided by 17?
12
Calculate the remainder when 67054 is divided by 90.
4
Calculate the remainder when 197522 is divided by 46.
44
Calculate the remainder when 110 is divided by 15.
5
Calculate the remainder when 326875 is divided by 45.
40
Calculate the remainder when 6627760 is divided by 387.
385
Calculate the remainder when 60892 is divided by 59.
4
Calculate the remainder when 71685 is divided by 214.
209
What is the remainder when 41283 is divided by 115?
113
Calculate the remainder when 17172 is divided by 4275.
72
Calculate the remainder when 8606 is divided by 151.
150
What is the remainder when 88157 is divided by 58?
55
What is the remainder when 2391 is divided by 587?
43
What is the remainder when 139643 is divided by 2738?
5
Calculate the remainder when 54350 is divided by 316.
314
What is the remainder when 12484 is divided by 1365?
199
What is the remainder when 1940 is divided by 931?
78
Calculate the remainder when 204156 is divided by 40.
36
What is the remainder when 36901 is divided by 2306?
5
What is the remainder when 1805 is divided by 869?
67
Calculate the remainder when 215548 is divided by 53.
50
Calculate the remainder when 593 is divided by 154.
131
Calculate the remainder when 28198 is divided by 9056.
1030
What is the remainder when 952777 is divided by 1448?
1441
What is the remainder when 6928 is divided by 290?
258
What is the remainder when 33836 is divided by 690?
26
Calculate the remainder when 3970 is divided by 1072.
754
What is the remainder when 123606 is divided by 2334?
2238
What is the remainder when 24065 is divided by 71?
67
What is the remainder when 22195 is divided by 516?
7
What is the remainder when 2433 is divided by 1118?
197
Calculate the remainder when 194459 is divided by 913.
903
What is the remainder when 5074 is divided by 841?
28
Calculate the remainder when 92499 is divided by 148.
147
What is the remainder when 8500 is divided by 65?
50
What is the remainder when 149004 is divided by 74500?
4
What is the remainder when 141333 is divided by 312?
309
Calculate the remainder when 14112 is divided by 1521.
423
Calculate the remainder when 30775 is divided by 628.
3
Calculate the remainder when 6223 is divided by 1552.
15
Calculate the remainder when 29928 is divided by 146.
144
What is the remainder when 8151 is divided by 1828?
839
Calculate the remainder when 27318 is divided by 427.
417
What is the remainder when 97399 is divided by 32466?
1
Calculate the remainder when 26202 is divided by 12765.
672
Calculate the remainder when 10419 is divided by 438.
345
What is the remainder when 344567 is divided by 12?
11
Calculate the remainder when 62204 is divided by 145.
144
What is the remainder when 671 is divided by 130?
21
Calculate the remainder when 45539 is divided by 1832.
1571
What is the remainder when 61684 is divided by 15421?
0
Calculate the remainder when 161879 is divided by 15.
14
What is the remainder when 53029 is divided by 229?
130
What is the remainder when 80698 is divided by 101?
100
Calculate the remainder when 83301 is divided by 78.
75
What is the remainder when 473 is divided by 136?
65
What is the remainder when 50231 is divided by 354?
317
Calculate the remainder when 3697 is divided by 21.
1
Calculate the remainder when 9926 is divided by 677.
448
Calculate the remainder when 59893 is divided by 950.
43
What is the remainder when 245658 is divided by 284?
282
What is the remainder when 75970 is divided by 883?
32
What is the remainder when 401176 is divided by 80231?
21
What is the remainder when 3300 is divided by 546?
24
What is the remainder when 225399 is divided by 50?
49
Calculate the remainder when 15667 is divided by 90.